{"id":1024,"date":"2018-12-17T14:13:29","date_gmt":"2018-12-17T14:13:29","guid":{"rendered":"http:\/\/www.minerva.polimi.it\/?page_id=1024"},"modified":"2019-12-17T10:30:03","modified_gmt":"2019-12-17T10:30:03","slug":"minerva-in-a-flash-2","status":"publish","type":"page","link":"https:\/\/www.minerva.polimi.it\/?page_id=1024","title":{"rendered":"MINERVA in un Flash"},"content":{"rendered":"\n<p>MINERVA: Piattaforma\ningegnerizzata Microbiota-Intestino-Cervello per valutare l\u2019impatto della\nmicroflora intestinale sulla funzionalit\u00e0 cerebrale<\/p>\n\n\n\n<p>Quale \u00e8 la relazione fra la microflora intestinale e il cervello nello sviluppo di patologie neurodegenreative come la malattia di Alzheimer ed il morbo di Parkinson? Una relazione funzionale fra la microflora intestinale (microbiota) ed il cervello, nota come \u201casse microbiota-intestino-cervello\u201d, \u00e8 stata ipotizzata pi\u00f9 di 100 anni fa ma solo di recente \u00e8 stata rivalutata diventando una nuova, interessante ipotesi per le neuroscienze. Abbiamo la prova che l\u2019invecchiamento, cattive abitudini alimentari, stress possono influenzare il nostro microbiota intestinale: l\u2019impatto di questa alterazione sulla funzionalit\u00e0 del cervello \u00e8 stata osservata ma l\u2019assenza di adeguate piattaforme sperimentali non consente di verificare questa ipotesi di ricerca. <\/p>\n\n\n\n<p>Il nostro scopo \u00e8 di superare questo limite attraverso un approccio bioingegneristico: svilupperemo la prima piattaforma di asse microbiota-intestino-cervello che si basa su tre compartimenti microfluidici ingegnerizzati, che riproducono in vitro le caratteristiche fondamentali dell\u2019interazione microbiota-cervello. Una volta validata, la piattaforma sar\u00e0 testata in scenario sia fisiologico che patologico neurodegenerativo usando microbiota completo umano. MINERVA ha un potenziale innovativo: la prova dell\u2019esistenza di un nesso causale tra microbiota e funzionalit\u00e0 cerebrale potrebbe cambiare completamente lo scenario attuale, spostando la ricerca delle cause delle patologie neurodegenerative dal cervello alla periferia del corpo. <\/p>\n\n\n\n<figure class=\"wp-block-image\"><img loading=\"lazy\" decoding=\"async\" width=\"1024\" height=\"734\" src=\"https:\/\/www.minerva.polimi.it\/wp-content\/uploads\/2019\/05\/Image-MINERVA-2-1024x734.jpg\" alt=\"\" class=\"wp-image-1160\" srcset=\"https:\/\/www.minerva.polimi.it\/wp-content\/uploads\/2019\/05\/Image-MINERVA-2-1024x734.jpg 1024w, https:\/\/www.minerva.polimi.it\/wp-content\/uploads\/2019\/05\/Image-MINERVA-2-300x215.jpg 300w, https:\/\/www.minerva.polimi.it\/wp-content\/uploads\/2019\/05\/Image-MINERVA-2-768x550.jpg 768w, https:\/\/www.minerva.polimi.it\/wp-content\/uploads\/2019\/05\/Image-MINERVA-2.jpg 1090w\" sizes=\"auto, (max-width: 1024px) 100vw, 1024px\" \/><\/figure>\n\n\n\n<p>MINERVA \u00e8 ad alto rendimento: se la\nsua strategia ha successo, le patologie neurodegenerative beneficeranno di\nstrategie preventive e terapeutiche nuove, economiche, poco invasive, basate\nsulla gestione del microbiota con alimenti e probiotici con un enorme impatto\npositivo a livello mondiale.<\/p>\n\n\n\n<p>MINERVA render\u00e0 disponibile una piattaforma versatile che superer\u00e0 le forti limitazioni derivanti dagli attuali modelli in vivo e dalle comuni piattaforme in vitro:modificando il tipo di cellule o le condizioni di coltura, pu\u00f2 essere applicata non solo alle patologie neurodegenerative ma anche ad altre gravi patologie non-cerebrali.<\/p>\n\n\n\n<h3 class=\"wp-block-heading\"><\/h3>\n\n\n\n<p><a href=\"https:\/\/cordis.europa.eu\/project\/rcn\/208806_it.html\" target=\"_blank\" rel=\"noreferrer noopener\" aria-label=\"MINERVA(MIcrobiota-Gut-BraiN EngineeRed platform to eVAluate intestinal microfloraimpact on brain functionality) \u00e8 un progetto finanziatodall\u2019European Research Council nell\u2019ambito del bando ERC Consolidator Grant2016. (opens in a new tab)\">MINERVA(MIcrobiota-Gut-BraiN EngineeRed platform to eVAluate intestinal microfloraimpact on brain functionality)<\/a> \u00e8 un progetto finanziatodall\u2019European Research Council nell\u2019ambito del bando ERC Consolidator Grant2016.<\/p>\n\n\n\n<p>Lo scopo principale di MINERVA \u00e8 lo sviluppo di una\npiattaforma tecnologica innovative per analizzare la relazione fra la microflora\nintestinale e la funzionalit\u00e0 cerebrale in condizioni sia fisiologiche che patologiche.<\/p>\n\n\n\n<p>Carmen Giordano, il capo progetto, ed il gruppo di\nricercatori di MINERVA saranno ospitati dal Politecnico di Milano in Italia.<\/p>\n\n\n\n<p>A questo <a href=\"https:\/\/www.minerva.polimi.it\/wp-content\/uploads\/2019\/12\/CORDIS_ITA.pdf\">link<\/a> \u00e8 possibile visualizzare l&#8217;articolo pubblicato dal CORDIS sul progetto MINERVA.<\/p>\n\n\n\n<p><\/p>\n","protected":false},"excerpt":{"rendered":"<p>MINERVA: Piattaforma ingegnerizzata Microbiota-Intestino-Cervello per valutare l\u2019impatto della microflora intestinale sulla funzionalit\u00e0 cerebrale Quale \u00e8 la relazione fra la microflora intestinale e il cervello nello sviluppo di patologie neurodegenreative come la malattia di Alzheimer ed il morbo di Parkinson? Una relazione funzionale fra la microflora intestinale (microbiota) ed il cervello, nota come \u201casse microbiota-intestino-cervello\u201d, \u00e8 [&hellip;]<\/p>\n","protected":false},"author":2,"featured_media":0,"parent":0,"menu_order":0,"comment_status":"closed","ping_status":"closed","template":"","meta":{"footnotes":""},"class_list":["post-1024","page","type-page","status-publish","hentry"],"_links":{"self":[{"href":"https:\/\/www.minerva.polimi.it\/index.php?rest_route=\/wp\/v2\/pages\/1024","targetHints":{"allow":["GET"]}}],"collection":[{"href":"https:\/\/www.minerva.polimi.it\/index.php?rest_route=\/wp\/v2\/pages"}],"about":[{"href":"https:\/\/www.minerva.polimi.it\/index.php?rest_route=\/wp\/v2\/types\/page"}],"author":[{"embeddable":true,"href":"https:\/\/www.minerva.polimi.it\/index.php?rest_route=\/wp\/v2\/users\/2"}],"replies":[{"embeddable":true,"href":"https:\/\/www.minerva.polimi.it\/index.php?rest_route=%2Fwp%2Fv2%2Fcomments&post=1024"}],"version-history":[{"count":13,"href":"https:\/\/www.minerva.polimi.it\/index.php?rest_route=\/wp\/v2\/pages\/1024\/revisions"}],"predecessor-version":[{"id":1400,"href":"https:\/\/www.minerva.polimi.it\/index.php?rest_route=\/wp\/v2\/pages\/1024\/revisions\/1400"}],"wp:attachment":[{"href":"https:\/\/www.minerva.polimi.it\/index.php?rest_route=%2Fwp%2Fv2%2Fmedia&parent=1024"}],"curies":[{"name":"wp","href":"https:\/\/api.w.org\/{rel}","templated":true}]}}

<p>MINERVA: Piattaforma
ingegnerizzata Microbiota-Intestino-Cervello per valutare l’impatto della
microflora intestinale sulla funzionalità cerebrale</p>



<p>Quale è la relazione fra la microflora intestinale e il cervello nello sviluppo di patologie neurodegenreative come la malattia di Alzheimer ed il morbo di Parkinson? Una relazione funzionale fra la microflora intestinale (microbiota) ed il cervello, nota come “asse microbiota-intestino-cervello”, è stata ipotizzata più di 100 anni fa ma solo di recente è stata rivalutata diventando una nuova, interessante ipotesi per le neuroscienze. Abbiamo la prova che l’invecchiamento, cattive abitudini alimentari, stress possono influenzare il nostro microbiota intestinale: l’impatto di questa alterazione sulla funzionalità del cervello è stata osservata ma l’assenza di adeguate piattaforme sperimentali non consente di verificare questa ipotesi di ricerca. </p>



<p>Il nostro scopo è di superare questo limite attraverso un approccio bioingegneristico: svilupperemo la prima piattaforma di asse microbiota-intestino-cervello che si basa su tre compartimenti microfluidici ingegnerizzati, che riproducono in vitro le caratteristiche fondamentali dell’interazione microbiota-cervello. Una volta validata, la piattaforma sarà testata in scenario sia fisiologico che patologico neurodegenerativo usando microbiota completo umano. MINERVA ha un potenziale innovativo: la prova dell’esistenza di un nesso causale tra microbiota e funzionalità cerebrale potrebbe cambiare completamente lo scenario attuale, spostando la ricerca delle cause delle patologie neurodegenerative dal cervello alla periferia del corpo. </p>



<figure class="wp-block-image"><img loading="lazy" decoding="async" width="1024" height="734" src="https://www.minerva.polimi.it/wp-content/uploads/2019/05/Image-MINERVA-2-1024x734.jpg" alt="" class="wp-image-1160" srcset="https://www.minerva.polimi.it/wp-content/uploads/2019/05/Image-MINERVA-2-1024x734.jpg 1024w, https://www.minerva.polimi.it/wp-content/uploads/2019/05/Image-MINERVA-2-300x215.jpg 300w, https://www.minerva.polimi.it/wp-content/uploads/2019/05/Image-MINERVA-2-768x550.jpg 768w, https://www.minerva.polimi.it/wp-content/uploads/2019/05/Image-MINERVA-2.jpg 1090w" sizes="auto, (max-width: 1024px) 100vw, 1024px" /></figure>



<p>MINERVA è ad alto rendimento: se la
sua strategia ha successo, le patologie neurodegenerative beneficeranno di
strategie preventive e terapeutiche nuove, economiche, poco invasive, basate
sulla gestione del microbiota con alimenti e probiotici con un enorme impatto
positivo a livello mondiale.</p>



<p>MINERVA renderà disponibile una piattaforma versatile che supererà le forti limitazioni derivanti dagli attuali modelli in vivo e dalle comuni piattaforme in vitro:modificando il tipo di cellule o le condizioni di coltura, può essere applicata non solo alle patologie neurodegenerative ma anche ad altre gravi patologie non-cerebrali.</p>



<h3 class="wp-block-heading"></h3>



<p><a href="https://cordis.europa.eu/project/rcn/208806_it.html" target="_blank" rel="noreferrer noopener" aria-label="MINERVA(MIcrobiota-Gut-BraiN EngineeRed platform to eVAluate intestinal microfloraimpact on brain functionality) è un progetto finanziatodall’European Research Council nell’ambito del bando ERC Consolidator Grant2016. (opens in a new tab)">MINERVA(MIcrobiota-Gut-BraiN EngineeRed platform to eVAluate intestinal microfloraimpact on brain functionality)</a> è un progetto finanziatodall’European Research Council nell’ambito del bando ERC Consolidator Grant2016.</p>



<p>Lo scopo principale di MINERVA è lo sviluppo di una
piattaforma tecnologica innovative per analizzare la relazione fra la microflora
intestinale e la funzionalità cerebrale in condizioni sia fisiologiche che patologiche.</p>



<p>Carmen Giordano, il capo progetto, ed il gruppo di
ricercatori di MINERVA saranno ospitati dal Politecnico di Milano in Italia.</p>



<p>A questo <a href="https://www.minerva.polimi.it/wp-content/uploads/2019/12/CORDIS_ITA.pdf">link</a> è possibile visualizzare l&#8217;articolo pubblicato dal CORDIS sul progetto MINERVA.</p>



<p></p>

<p>MINERVA: Piattaforma ingegnerizzata Microbiota-Intestino-Cervello per valutare l’impatto della microflora intestinale sulla funzionalità cerebrale Quale è la relazione fra la microflora intestinale e il cervello nello sviluppo di patologie neurodegenreative come la malattia di Alzheimer ed il morbo di Parkinson? Una relazione funzionale fra la microflora intestinale (microbiota) ed il cervello, nota come “asse microbiota-intestino-cervello”, è [&hellip;]</p>
